and 33730.
10
What is the highest common factor of 1189 and 29?
29
What is the greatest common factor of 4280 and 40?
40
Calculate the highest common divisor of 38558 and 26.
26
What is the greatest common factor of 959 and 35?
7
What is the greatest common factor of 8 and 70?
2
Calculate the highest common divisor of 3640 and 715.
65
Calculate the greatest common factor of 147 and 35133.
147
What is the highest common divisor of 518 and 28?
14
What is the highest common factor of 14 and 11?
1
What is the greatest common factor of 1660 and 30?
10
Calculate the greatest common factor of 68 and 391.
17
What is the greatest common factor of 33 and 9?
3
What is the greatest common divisor of 190 and 10?
10
Calculate the greatest common divisor of 335 and 134.
67
What is the greatest common divisor of 142 and 142?
142
What is the greatest common divisor of 96 and 672?
96
Calculate the highest common divisor of 64 and 6712.
8
Calculate the greatest common factor of 228 and 12.
12
What is the highest common divisor of 305 and 10?
5
Calculate the greatest common factor of 130 and 1920.
10
Calculate the greatest common divisor of 688 and 116.
4
Calculate the greatest common divisor of 6 and 582.
6
What is the highest common factor of 98 and 2?
2
What is the greatest common divisor of 115 and 989?
23
Calculate the highest common factor of 42 and 182.
14
Calculate the greatest common factor of 1088 and 170.
34
Calculate the highest common factor of 11 and 583.
11
Calculate the greatest common divisor of 55 and 775.
5
What is the greatest common factor of 69 and 46?
23
What is the greatest common divisor of 41 and 123?
41
Calculate the greatest common factor of 3141 and 9.
9
What is the greatest common factor of 150 and 6?
6
Calculate the greatest common divisor of 2295 and 1080.
135
What is the highest common divisor of 930 and 1210?
10
Calculate the highest common divisor of 22 and 3322.
22
Calculate the greatest common factor of 9 and 2313.
9
What is the greatest common divisor of 7 and 189?
7
What is the highest common factor of 658 and 14?
14
What is the greatest common divisor of 13 and 819?
13
Calculate the highest common factor of 148 and 1258.
74
What is the highest common factor of 38 and 304?
38
What is the greatest common divisor of 297 and 216?
27
What is the highest common divisor of 44 and 4?
4
Calculate the highest common divisor of 962 and 52.
26
Calculate the highest common divisor of 2880 and 90.
90
Calculate the greatest common divisor of 26 and 559.
13
Calculate the highest common divisor of 4 and 1516.
4
What is the greatest common factor of 2242 and 76?
38
Calculate the greatest common factor of 1026 and 261.
9
What is the highest common divisor of 63 and 7?
7
Calculate the greatest common factor of 384 and 24.
24
What is the highest common divisor of 2112 and 55?
11
Calculate the greatest common divisor of 2442 and 154.
22
What is the greatest common factor of 3320 and 20?
20
What is the highest common factor of 2 and 1546?
2
Calculate the greatest common divisor of 4225 and 25.
25
Calculate the highest common factor of 182 and 104.
26
What is the highest common factor of 5 and 42865?
5
Calculate the greatest common divisor of 293 and 4.
1
Calculate the highest common factor of 209 and 7201.
19
What is the greatest common divisor of 80 and 10?
10
What is the greatest common divisor of 3562 and 52?
26
Calculate the greatest common divisor of 91 and 15743.
91
What is the highest common divisor of 264 and 2838?
66
What is the highest common divisor of 129 and 6?
3
Calculate the greatest common factor of 40 and 808.
8
What is the highest common divisor of 1072 and 1541?
67
Calculate the highest common divisor of 37656 and 72.
72
What is the highest common divisor of 472 and 59?
59
What is the greatest common factor of 19 and 1539?
19
Calculate the greatest common factor of 25 and 4825.
25
What is the greatest common factor of 195 and 455?
65
Calculate the greatest common divisor of 120 and 345.
15
Calculate the highest common factor of 13 and 3.
1
What is the greatest common factor of 39 and 104?
13
Calculate the greatest common divisor of 8203 and 26.
13
What is the greatest common factor of 1728 and 204?
12
What is the greatest common factor of 2065 and 40?
5
What is the greatest common divisor of 1472 and 138?
46
What is the highest common divisor of 51 and 68?
17
Calculate the highest common factor of 290 and 45.
5
Calculate the highest common divisor of 291 and 3007.
97
Calculate the highest common divisor of 2115 and 1035.
45
Calculate the highest common factor of 92 and 4.
4
What is the highest common divisor of 52 and 2912?
52
Calculate the greatest common factor of 31 and 93.
31
What is the greatest common divisor of 69 and 5589?
69
What is the greatest common factor of 129 and 30?
3
Calculate the greatest common factor of 25 and 175.
25
What is the greatest common factor of 45 and 1125?
45
Calculate the greatest common factor of 72 and 128.
8
Calculate the greatest common factor of 27 and 243.
27
Calculate the greatest common divisor of 8 and 352.
8
What is the highest common divisor of 3 and 2475?
3
Calculate the greatest common divisor of 159 and 6.
3
Calculate the highest common divisor of 8 and 1868.
4
What is the highest common factor of 7 and 511?
7
What is the highest common factor of 76 and 76?
76
Calculate the highest common divisor of 2601 and 9.
9
Calculate the greatest common factor of 49 and 1323.
49
Calculate the greatest common factor of 30 and 1125.
15
Calculate the greatest common divisor of 38 and 722.
38
Calculate the highest common divisor of 5 and 1345.
5
What is the highest common factor of 128 and 448?
64
Calculate the highest common factor of 58968 and 78.
78
Calculate the highest common factor of 384 and 6.
6
Calculate the highest common factor of 252 and 108.
36
Calculate the greatest common factor of 36 and 516.
12
What is the highest common factor of 3610 and 95?
95
What is the highest common divisor of 9674 and 28?
14
Calculate the greatest common factor of 2497 and 3859.
227
Calculate the highest common factor of 45 and 195.
15
Calculate the greatest common factor of 14 and 1834.
14
Calculate the greatest common divisor of 102 and 42.
6
What is the greatest common factor of 352 and 2684?
44
What is the highest common factor of 4845 and 57?
57
Calculate the greatest common factor of 152 and 57.
19
Calculate the greatest common divisor of 78 and 546.
78
What is the greatest common factor of 30 and 15030?
30
Calculate the greatest common factor of 90 and 2670.
30
What is the greatest common divisor of 16600 and 200?
200
What is the greatest common factor of 3806 and 22?
22
Calculate the highest common factor of 145 and 7105.
145
What is the greatest common factor of 70 and 182?
14
Calculate the highest common divisor of 97 and 22019.
97
Calculate the highest common factor of 546 and 26.
26
What is the highest common divisor of 1608 and 168?
24
Calculate the highest common factor of 85 and 51.
17
What is the greatest common factor of 296 and 1?
1
What is the greatest common divisor of 868 and 496?
124
What is the greatest common factor of 54 and 30?
6
What is the highest common factor of 1342 and 305?
61
Calculate the highest common divisor of 30 and 19845.
15
What is the greatest common divisor of 381 and 5080?
127
Calculate the greatest common factor of 68 and 493.
17
What is the highest common divisor of 195 and 39?
39
What is the highest common factor of 1595 and 275?
55
Calculate the highest common factor of 302 and 6191.
151
What is the greatest common factor of 324 and 702?
54
Calculate the highest common factor of 108 and 2988.
36
What is the highest common factor of 65 and 130?
65
What is the highest common divisor of 12 and 21?
3
What is the greatest common factor of 225 and 975?
75
What is the highest common factor of 867 and 6647?
289
Calculate the highest common factor of 33 and 1221.
33
Calculate the greatest common divisor of 7 and 49.
7
Calculate the highest common divisor of 232 and 58.
58
What is the greatest common divisor of 9 and 111?
3
What is the highest common divisor of 22 and 16918?
22
Calculate the highest common factor of 12 and 58548.
12
What is the highest common fa